{"id":320,"date":"2022-07-12T19:06:38","date_gmt":"2022-07-13T00:06:38","guid":{"rendered":"https:\/\/alegriadelsaber.edu.co\/?page_id=320"},"modified":"2023-11-26T23:04:38","modified_gmt":"2023-11-27T04:04:38","slug":"principios-y-fines-del-establecimiento-educativo","status":"publish","type":"page","link":"https:\/\/alegriadelsaber.edu.co\/index.php\/principios-y-fines-del-establecimiento-educativo\/","title":{"rendered":"Principios y Fines del Establecimiento Educativo"},"content":{"rendered":"\n<div class=\"wp-container-3 wp-block-columns are-vertically-aligned-center\">\n<div class=\"wp-container-1 wp-block-column is-vertically-aligned-center\" style=\"flex-basis:66.66%\">\n<h1 class=\"has-text-color\" style=\"color:#007a00\"><strong>Filosof\u00eda y Principios<\/strong><\/h1>\n\n\n\n<p>Su filosof\u00eda es avivar el amor por el saber, desarrollar el inter\u00e9s por el conocimiento y crear la conciencia de que la validez de la sabidur\u00eda y del conocimiento se verifica a trav\u00e9s de la praxis social para beneficio de la comunidad. <\/p>\n\n\n\n<p>En concordancia con este principio propender\u00e1 por la educaci\u00f3n integral del estudiante y de su comunidad, permiti\u00e9ndole la adquisici\u00f3n del conocimiento, la formaci\u00f3n y refuerzo de valores, la orientaci\u00f3n para que sea una persona con capacidad cr\u00edtica, responsable, reflexiva y aut\u00f3noma, basada en la realidad, a trav\u00e9s de actividades y programas de integraci\u00f3n. Con una visi\u00f3n investigadora, fundamentada en el conocimiento cient\u00edfico, cultural, art\u00edstico, social, tecnol\u00f3gico y con una formaci\u00f3n \u00e9tica y religiosa que haga del estudiante un ser universal, libre y creativo, que actu\u00e9 de acuerdo con los principios de justicia y equidad postulados en la constituci\u00f3n pol\u00edtica de Colombia.<\/p>\n<\/div>\n\n\n\n<div class=\"wp-container-2 wp-block-column is-vertically-aligned-center\" style=\"flex-basis:33.33%\">\n<figure class=\"wp-block-image size-large\"><img fetchpriority=\"high\" width=\"683\" height=\"1024\" src=\"https:\/\/alegriadelsaber.edu.co\/wp-content\/uploads\/2022\/07\/13055144_699111450230871_9077520284373464272_o-683x1024.jpg\" alt=\"\" class=\"wp-image-244\" srcset=\"https:\/\/alegriadelsaber.edu.co\/wp-content\/uploads\/2022\/07\/13055144_699111450230871_9077520284373464272_o-683x1024.jpg 683w, https:\/\/alegriadelsaber.edu.co\/wp-content\/uploads\/2022\/07\/13055144_699111450230871_9077520284373464272_o-200x300.jpg 200w, https:\/\/alegriadelsaber.edu.co\/wp-content\/uploads\/2022\/07\/13055144_699111450230871_9077520284373464272_o-100x150.jpg 100w, https:\/\/alegriadelsaber.edu.co\/wp-content\/uploads\/2022\/07\/13055144_699111450230871_9077520284373464272_o-768x1152.jpg 768w, https:\/\/alegriadelsaber.edu.co\/wp-content\/uploads\/2022\/07\/13055144_699111450230871_9077520284373464272_o-1024x1536.jpg 1024w, https:\/\/alegriadelsaber.edu.co\/wp-content\/uploads\/2022\/07\/13055144_699111450230871_9077520284373464272_o.jpg 1365w\" sizes=\"(max-width: 683px) 100vw, 683px\" \/><\/figure>\n<\/div>\n<\/div>\n\n\n\n<div class=\"wp-container-6 wp-block-columns are-vertically-aligned-center\">\n<div class=\"wp-container-4 wp-block-column is-vertically-aligned-center\" style=\"flex-basis:33.33%\">\n<figure class=\"wp-block-image size-large\"><img width=\"1024\" height=\"563\" src=\"https:\/\/alegriadelsaber.edu.co\/wp-content\/uploads\/2022\/07\/img2-1-1024x563.jpg\" alt=\"\" class=\"wp-image-324\" srcset=\"https:\/\/alegriadelsaber.edu.co\/wp-content\/uploads\/2022\/07\/img2-1-1024x563.jpg 1024w, https:\/\/alegriadelsaber.edu.co\/wp-content\/uploads\/2022\/07\/img2-1-300x165.jpg 300w, https:\/\/alegriadelsaber.edu.co\/wp-content\/uploads\/2022\/07\/img2-1-150x83.jpg 150w, https:\/\/alegriadelsaber.edu.co\/wp-content\/uploads\/2022\/07\/img2-1-768x422.jpg 768w, https:\/\/alegriadelsaber.edu.co\/wp-content\/uploads\/2022\/07\/img2-1.jpg 1280w\" sizes=\"(max-width: 1024px) 100vw, 1024px\" \/><\/figure>\n<\/div>\n\n\n\n<div class=\"wp-container-5 wp-block-column is-vertically-aligned-center\" style=\"flex-basis:66.66%\">\n<h1 class=\"has-text-color\" style=\"color:#007a00\"><strong>Fines<\/strong><\/h1>\n\n\n\n<p>Los fines de la educaci\u00f3n en el Colegio Alegr\u00eda del Saber parten de la necesidad de los cambios pol\u00edticos, institucionales y formaci\u00f3n de valores generados por la constituci\u00f3n pol\u00edtica y la ley general de la educaci\u00f3n.<\/p>\n\n\n\n<h6>Los siguientes son los fines perseguidos:<\/h6>\n\n\n\n<ul><li>Fundamentar el aprecio por la ciencia, la recreaci\u00f3n, el arte, la tecnolog\u00eda y la cultura como caminos de formaci\u00f3n de vida para el progreso y satisfacci\u00f3n racional y espiritual.<\/li><\/ul>\n\n\n\n<ul><li>Educar en valores para lograr una mejor convivencia social.<\/li><\/ul>\n\n\n\n<ul><li>Orientar la educaci\u00f3n afectiva, para la adopci\u00f3n de la vida en familia y en sociedad.<\/li><\/ul>\n<\/div>\n<\/div>\n\n\n\n<div class=\"wp-container-7 wp-block-group\">\n<div style=\"height:100px\" aria-hidden=\"true\" class=\"wp-block-spacer\"><\/div>\n<\/div>\n","protected":false},"excerpt":{"rendered":"<p>Filosof\u00eda y Principios Su filosof\u00eda es avivar el amor por el saber, desarrollar el inter\u00e9s por el conocimiento y crear<\/p>\n","protected":false},"author":1,"featured_media":324,"parent":0,"menu_order":0,"comment_status":"closed","ping_status":"closed","template":"","meta":[],"_links":{"self":[{"href":"https:\/\/alegriadelsaber.edu.co\/index.php\/wp-json\/wp\/v2\/pages\/320"}],"collection":[{"href":"https:\/\/alegriadelsaber.edu.co\/index.php\/wp-json\/wp\/v2\/pages"}],"about":[{"href":"https:\/\/alegriadelsaber.edu.co\/index.php\/wp-json\/wp\/v2\/types\/page"}],"author":[{"embeddable":true,"href":"https:\/\/alegriadelsaber.edu.co\/index.php\/wp-json\/wp\/v2\/users\/1"}],"replies":[{"embeddable":true,"href":"https:\/\/alegriadelsaber.edu.co\/index.php\/wp-json\/wp\/v2\/comments?post=320"}],"version-history":[{"count":18,"href":"https:\/\/alegriadelsaber.edu.co\/index.php\/wp-json\/wp\/v2\/pages\/320\/revisions"}],"predecessor-version":[{"id":1049,"href":"https:\/\/alegriadelsaber.edu.co\/index.php\/wp-json\/wp\/v2\/pages\/320\/revisions\/1049"}],"wp:featuredmedia":[{"embeddable":true,"href":"https:\/\/alegriadelsaber.edu.co\/index.php\/wp-json\/wp\/v2\/media\/324"}],"wp:attachment":[{"href":"https:\/\/alegriadelsaber.edu.co\/index.php\/wp-json\/wp\/v2\/media?parent=320"}],"curies":[{"name":"wp","href":"https:\/\/api.w.org\/{rel}","templated":true}]}}